5
What is the millions digit of 3037068?
3
What is the tens digit of 146907?
0
What is the hundred thousands digit of 4025639?
0
What is the ten thousands digit of 24705?
2
What is the hundred thousands digit of 107707?
1
What is the millions digit of 7667346?
7
What is the ten thousands digit of 242549?
4
What is the ten thousands digit of 4892373?
9
What is the thousands digit of 6371?
6
What is the ten thousands digit of 500518?
0
What is the ten thousands digit of 233063?
3
What is the units digit of 9871?
1
What is the millions digit of 9115339?
9
What is the hundreds digit of 108433?
4
What is the thousands digit of 60076?
0
What is the thousands digit of 547300?
7
What is the units digit of 16912?
2
What is the hundred thousands digit of 123773?
1
What is the millions digit of 4028317?
4
What is the tens digit of 27505786?
8
What is the hundreds digit of 7680824?
8
What is the thousands digit of 1005598?
5
What is the units digit of 970998?
8
What is the thousands digit of 35278552?
8
What is the units digit of 211592?
2
What is the hundred thousands digit of 14632124?
6
What is the units digit of 1958060?
0
What is the ten thousands digit of 14698088?
9
What is the ten thousands digit of 32218095?
1
What is the hundred thousands digit of 1547512?
5
What is the hundred thousands digit of 1672224?
6
What is the units digit of 16590345?
5
What is the tens digit of 3884453?
5
What is the tens digit of 1783345?
4
What is the hundreds digit of 28781?
7
What is the millions digit of 1257013?
1
What is the thousands digit of 457462?
7
What is the tens digit of 81202?
0
What is the tens digit of 90941?
4
What is the units digit of 493503?
3
What is the thousands digit of 569508?
9
What is the ten thousands digit of 425106?
2
What is the tens digit of 79757?
5
What is the ten thousands digit of 1461400?
6
What is the tens digit of 504318?
1
What is the hundred thousands digit of 254194?
2
What is the ten thousands digit of 18838898?
3
What is the hundreds digit of 482456?
4
What is the thousands digit of 5501242?
1
What is the ten thousands digit of 9814659?
1
What is the tens digit of 224823?
2
What is the units digit of 92560?
0
What is the tens digit of 995661?
6
What is the units digit of 333575?
5
What is the hundreds digit of 350936?
9
What is the hundred thousands digit of 353983?
3
What is the units digit of 10513330?
0
What is the units digit of 325255?
5
What is the millions digit of 40473830?
0
What is the hundred thousands digit of 1707546?
7
What is the hundred thousands digit of 164782?
1
What is the ten thousands digit of 3522328?
2
What is the ten thousands digit of 119216?
1
What is the thousands digit of 798438?
8
What is the tens digit of 9856433?
3
What is the hundred thousands digit of 18075227?
0
What is the tens digit of 2141634?
3
What is the hundred thousands digit of 719572?
7
What is the ten thousands digit of 493531?
9
What is the millions digit of 1733583?
1
What is the hundreds digit of 74656?
6
What is the ten thousands digit of 19171?
1
What is the tens digit of 552679?
7
What is the hundred thousands digit of 2232756?
2
What is the hundreds digit of 3615892?
8
What is the hundreds digit of 388918?
9
What is the millions digit of 2837588?
2
What is the hundred thousands digit of 209502?
2
What is the millions digit of 5221396?
5
What is the tens digit of 506174?
7
What is the hundreds digit of 438473?
4
What is the thousands digit of 2207099?
7
What is the units digit of 341181?
1
What is the hundred thousands digit of 1562977?
5
What is the hundred thousands digit of 36453729?
4
What is the ten millions digit of 12232059?
1
What is the hundreds digit of 270029?
0
What is the ten thousands digit of 683822?
8
What is the ten thousands digit of 5266596?
6
What is the hundred thousands digit of 866250?
8
What is the units digit of 3706318?
8
What is the tens digit of 36795?
9
What is the thousands digit of 435930?
5
What is the tens digit of 697494?
9
What is the hundreds digit of 419075?
0
What is the millions digit of 3890933?
3
What is the thousands digit of 127373?
7
What is the tens digit of 38102152?
5
What is the millions digit of 1737789?
1
What is the units digit of 13450328?
8
What is the hundred thousands digit of 374949?
3
What is the tens digit of 260611?
1
What is the thousands digit of 27217935?
7
What is the ten millions digit of 38562377?
3
What is the ten thousands digit of 28851728?
5
What is the ten thousands digit of 138193?
3
What is the hundred thousands digit of 4231233?
2
What is the thousands digit of 123159?
3
What is the thousands digit of 130882?
0
What is the units digit of 732427?
7
What is the units digit of 327202?
2
What is the ten thousands digit of 5708666?
0
What is the units digit of 194573?
3
What is the ten thousands digit of 325411?
2
What is the hundreds digit of 12475774?
7
What is the hundreds digit of 364673?
6
What is the thousands digit of 11962621?
2
What is the units digit of 1440450?
0
What is the ten thousands digit of 555807?
5
What is the ten thousands digit of 1598449?
9
What is the tens digit of 9603165?
6
What is the thousands digit of 1433776?
3
What is the units digit of 140851?
1
What is the hundreds digit of 632704?
7
What is the tens digit of 520215?
1
What is the hundreds digit of 9842847?
8
What is the hundreds digit of 144533?
5
What is the ten thousands digit of 20430633?
3
What is the hundred thousands digit of 2186338?
1
What is the units digit of 4927910?
0
What is the tens digit of 7243028?
2
What is the millions digit of 10328200?
0
What is the millions digit of 1166023?
1
What is the ten thousands digit of 1208852?
0
What is the units digit of 129209?
9
What is the tens digit of 411206?
0
What is the ten thousands digit of 10248515?
4
What is the hundred thousands digit of 1772540?
7
What is the units digit of 154069?
9
What is the hundreds digit of 224428?
4
What is the hundred thousands digit of 4142560?
1
What is the hundreds digit of 400037?
0
What is the ten thousands digit of 514108?
1
What is the thousands digit of 57971?
7
What is the tens digit of 153931?
3
What is the hundreds digit of 42038?
0
What is the ten millions digit of 14974111?
1
What is the millions digit of 2125796?
2
What is the units digit of 302885?
5
What is the hundreds digit of 9553299?
2
What is the thousands digit of 181610?
1
What is the tens digit of 1259831?
3
What is the thousands digit of 21850931?
0
What is the thousands digit of 164156?
4
What is the ten thousands digit of 2240087?
4
What is the units digit of 378131?
1
What is the hundreds digit of 317349?
3
What is the hundred thousands digit of 823521?
8
What is the units digit of 5368326?
6
What is the thousands digit of 6799938?
9
What is the units digit of 281756?
6
What is the hundred thousands digit of 4034769?
0
What is the hundred thousands digit of 1221721?
2
What is the hundreds digit of 43783?
7
What is the tens digit of 23073703?
0
What is the thousands digit of 464417?
4
What is the millions digit of 2238588?
2
What is the millions digit of 17799159?
7
What is the thousands digit of 269067?
9
What is the ten thousands digit of 102177?
0
What is the units digit of 749926?
6
What is the thousands digit of 34456?
4
What is the units digit of 314?
4
What is the hundreds digit of 30041396?
3
What is the hundreds digit of 1924011?
0
What is the hundred thousands digit of 180155?
1
What is the units digit of 8104139?
9
What is the millions digit of 2758852?
2
What is the units digit of 11572486?
6
What is the tens digit of 134226?
2
What is the units digit of 724377?
7
What is the ten thousands digit of 160297?
6
What is the thousands digit of 44144?
4
What is the hundred thousands digit of 295576?
2
What is the units digit of 1776391?
1
What is the hundred thousands digit of 326102?
3
What is the hundreds digit of 20478734?
7
What is the ten millions digit of 33155184?
3
What is the tens digit of 4672004?
0
What is the thousands digit of 11188?
1
What is the thousands digit of 26379916?
9
What is the thousands digit of 204651?
4
What is the ten thousands digit of 50541?
5
What is the thousands digit of 222367?
2
What is the tens digit of 12027545?
4
What is the thousands digit of 3114709?
4
What i